280 and 1136.
568
What is the greatest common divisor of 94632 and 24?
24
Calculate the highest common divisor of 29688 and 384.
24
What is the highest common factor of 331 and 2460323?
331
Calculate the highest common factor of 4095 and 49374.
117
What is the greatest common divisor of 96 and 91704?
24
What is the greatest common divisor of 1355085 and 45?
45
Calculate the greatest common factor of 8278850 and 10.
10
What is the highest common factor of 45 and 32535?
45
What is the greatest common divisor of 37192 and 24?
8
Calculate the highest common factor of 448941 and 1578.
789
What is the greatest common factor of 23348 and 468?
52
What is the greatest common factor of 1625276 and 116?
116
What is the highest common divisor of 1144232 and 843?
281
Calculate the greatest common divisor of 375 and 326400.
75
Calculate the greatest common divisor of 448671 and 1388.
347
Calculate the highest common factor of 12669 and 82.
41
Calculate the highest common divisor of 19158 and 1545.
309
What is the greatest common divisor of 1254 and 2432?
38
What is the highest common factor of 10104 and 1620?
12
Calculate the highest common factor of 72 and 40158.
18
What is the highest common divisor of 15186 and 846?
6
What is the highest common factor of 308 and 121156?
28
Calculate the highest common factor of 15 and 2690265.
15
Calculate the greatest common divisor of 10514 and 1106.
14
What is the highest common factor of 205 and 177407?
41
What is the greatest common divisor of 1166307 and 69?
69
Calculate the greatest common factor of 17266 and 15842.
178
Calculate the highest common factor of 33 and 11262.
3
Calculate the highest common divisor of 8934 and 42.
6
What is the greatest common divisor of 22 and 976327?
11
Calculate the greatest common divisor of 67 and 2523421.
67
What is the greatest common divisor of 15215 and 20227?
179
What is the highest common divisor of 175 and 1075?
25
What is the greatest common factor of 160 and 77840?
80
What is the highest common divisor of 1606 and 14542?
22
What is the greatest common divisor of 560 and 29568?
112
What is the greatest common factor of 49172 and 3235?
647
Calculate the highest common factor of 8995 and 35.
35
Calculate the greatest common factor of 3171 and 115968.
453
Calculate the greatest common factor of 37 and 28268.
37
What is the greatest common factor of 98710 and 335?
5
Calculate the greatest common divisor of 6386 and 26381.
31
Calculate the highest common divisor of 1404 and 41964.
156
What is the highest common factor of 72 and 20898?
18
Calculate the greatest common factor of 60 and 323220.
60
Calculate the greatest common factor of 3115 and 258895.
35
Calculate the greatest common factor of 155 and 9565.
5
Calculate the greatest common divisor of 940 and 5485.
5
Calculate the highest common divisor of 53280 and 5490.
90
What is the highest common divisor of 37642 and 290?
58
Calculate the greatest common divisor of 1580 and 2700615.
395
What is the highest common factor of 533 and 232634?
41
What is the highest common factor of 687742 and 40678?
946
What is the greatest common factor of 96 and 180816?
48
What is the greatest common factor of 80 and 1236?
4
What is the highest common divisor of 3665172 and 140?
28
What is the highest common divisor of 369 and 45633?
123
What is the greatest common factor of 1719 and 659523?
573
Calculate the highest common factor of 23094 and 252.
18
What is the greatest common factor of 416 and 434382?
26
What is the greatest common factor of 230 and 415265?
115
Calculate the highest common factor of 4061328 and 12.
12
What is the greatest common divisor of 5595 and 11805?
15
Calculate the highest common divisor of 11 and 2566564.
11
What is the highest common factor of 3431126 and 82?
82
Calculate the highest common divisor of 338 and 17069.
169
Calculate the highest common factor of 26 and 1646.
2
What is the highest common divisor of 148436 and 172?
172
Calculate the greatest common divisor of 143 and 83330.
13
What is the highest common factor of 1516 and 2050011?
379
Calculate the greatest common factor of 368496 and 372.
12
What is the greatest common divisor of 230 and 138506?
46
What is the greatest common divisor of 355250 and 11270?
490
Calculate the highest common factor of 98569 and 482.
241
Calculate the greatest common divisor of 72688 and 64.
16
Calculate the greatest common divisor of 26381 and 91264.
713
Calculate the highest common factor of 14 and 149387.
7
What is the highest common divisor of 38399 and 551?
19
What is the greatest common factor of 352099 and 11?
11
What is the greatest common divisor of 24 and 9276?
12
What is the greatest common factor of 238416 and 492?
12
What is the highest common divisor of 68 and 78013?
17
Calculate the greatest common factor of 41888 and 231.
77
Calculate the highest common divisor of 60 and 413412.
12
Calculate the greatest common factor of 183 and 2125911.
183
What is the highest common divisor of 1488 and 64?
16
Calculate the greatest common divisor of 6604 and 1768.
52
Calculate the highest common divisor of 3595682 and 46.
46
What is the greatest common factor of 13865 and 4720?
295
Calculate the greatest common factor of 1890 and 143010.
630
What is the greatest common factor of 2000 and 317875?
125
What is the greatest common factor of 1105 and 40235?
65
What is the highest common factor of 896 and 1360912?
112
Calculate the highest common divisor of 559664 and 14.
14
Calculate the greatest common divisor of 48451 and 117.
13
Calculate the highest common divisor of 323 and 1881.
19
What is the greatest common divisor of 9330 and 870?
30
What is the highest common factor of 74656 and 64?
32
Calculate the greatest common factor of 2056 and 9509.
257
What is the greatest common divisor of 3729 and 21?
3
What is the highest common factor of 623960 and 7600?
760
Calculate the highest common factor of 688 and 17673.
43
What is the highest common divisor of 31061 and 22873?
89
What is the highest common factor of 5290 and 1509720?
230
What is the highest common divisor of 5768 and 25522?
14
What is the greatest common divisor of 1808 and 387364?
452
What is the greatest common divisor of 160 and 5030?
10
What is the greatest common factor of 243082 and 98?
14
Calculate the greatest common factor of 226849 and 115.
23
Calculate the greatest common factor of 215 and 207655.
5
Calculate the highest common divisor of 540 and 738.
18
Calculate the highest common divisor of 17068 and 3263.
251
Calculate the highest common divisor of 40080 and 132.
12
What is the greatest common divisor of 414 and 9371028?
138
Calculate the greatest common divisor of 340 and 3590.
10
What is the greatest common divisor of 46116 and 244?
244
What is the highest common divisor of 1206 and 750?
6
What is the greatest common factor of 42 and 10591?
7
What is the greatest common divisor of 5887 and 84?
7
What is the highest common divisor of 52275 and 10?
5
Calculate the greatest common factor of 303792 and 48.
48
Calculate the highest common factor of 11293 and 113421.
491
What is the highest common divisor of 8 and 3617600?
8
What is the greatest common factor of 1300 and 1625?
325
What is the highest common factor of 1029952 and 228?
76
What is the greatest common factor of 5417664 and 232?
232
Calculate the highest common divisor of 298633 and 571.
571
Calculate the greatest common factor of 175672 and 56.
56
Calculate the highest common factor of 1591109 and 26.
13
What is the highest common divisor of 117 and 123864?
39
Calculate the highest common divisor of 996348 and 6636.
948
What is the greatest common divisor of 13862 and 58?
58
What is the greatest common factor of 13 and 179387?
13
What is the greatest common factor of 288336 and 240?
48
Calculate the greatest common divisor of 6640 and 60.
20
Calculate the greatest common divisor of 658 and 169858.
94
Calculate the highest common divisor of 14649 and 33153.
771
What is the greatest common divisor of 8322 and 1314?
438
What is the greatest common divisor of 109026 and 8478?
54
What is the highest common factor of 1674 and 14634?
54
What is the greatest common divisor of 80000 and 2560?
640
Calculate the greatest common factor of 6281 and 148